{"id":44,"date":"2019-02-01T09:54:39","date_gmt":"2019-02-01T09:54:39","guid":{"rendered":"http:\/\/feuererde.de\/?page_id=44"},"modified":"2019-02-08T10:11:13","modified_gmt":"2019-02-08T10:11:13","slug":"home","status":"publish","type":"page","link":"https:\/\/feuererde.de\/","title":{"rendered":"Home"},"content":{"rendered":"\n<p>\u00a0<\/p>\n<p><span style=\"font-size: 24pt;\"><strong>Gut das Sie auf unserer Seite gelandet sind.<\/strong><\/span><\/p>\n<p>\u00a0<\/p>\n<p><span style=\"font-size: 24pt;\"><strong>Au\u00dfergew\u00f6hnliche und hoch qualitative handgedrehte T\u00f6pferware und vieles mehr k\u00f6nnen Sie in unserer Mittelalterscheune finden.<\/strong><\/span><\/p>\n<p>\u00a0<\/p>\n<p><span style=\"font-size: 24pt;\"><strong>Es ist immer einen Besuch wert.<\/strong><\/span><\/p>\n\n\n\n<p class=\"has-large-font-size\"><\/p>\n","protected":false},"excerpt":{"rendered":"<p> [&hellip;]<\/p>\n","protected":false},"author":1,"featured_media":0,"parent":0,"menu_order":0,"comment_status":"closed","ping_status":"closed","template":"page_fullwidth.php","meta":[],"_links":{"self":[{"href":"https:\/\/feuererde.de\/index.php?rest_route=\/wp\/v2\/pages\/44"}],"collection":[{"href":"https:\/\/feuererde.de\/index.php?rest_route=\/wp\/v2\/pages"}],"about":[{"href":"https:\/\/feuererde.de\/index.php?rest_route=\/wp\/v2\/types\/page"}],"author":[{"embeddable":true,"href":"https:\/\/feuererde.de\/index.php?rest_route=\/wp\/v2\/users\/1"}],"replies":[{"embeddable":true,"href":"https:\/\/feuererde.de\/index.php?rest_route=%2Fwp%2Fv2%2Fcomments&post=44"}],"version-history":[{"count":15,"href":"https:\/\/feuererde.de\/index.php?rest_route=\/wp\/v2\/pages\/44\/revisions"}],"predecessor-version":[{"id":358,"href":"https:\/\/feuererde.de\/index.php?rest_route=\/wp\/v2\/pages\/44\/revisions\/358"}],"wp:attachment":[{"href":"https:\/\/feuererde.de\/index.php?rest_route=%2Fwp%2Fv2%2Fmedia&parent=44"}],"curies":[{"name":"wp","href":"https:\/\/api.w.org\/{rel}","templated":true}]}}