{"id":56,"date":"2019-02-02T09:26:15","date_gmt":"2019-02-02T09:26:15","guid":{"rendered":"http:\/\/feuererde.de\/?page_id=56"},"modified":"2019-02-08T09:51:29","modified_gmt":"2019-02-08T09:51:29","slug":"scheune","status":"publish","type":"page","link":"http:\/\/feuererde.de\/?page_id=56","title":{"rendered":"Scheune"},"content":{"rendered":"\n<div class=\"wp-block-image\"><figure class=\"aligncenter\"><img loading=\"lazy\" width=\"1024\" height=\"768\" src=\"http:\/\/feuererde.de\/wp-content\/uploads\/2019\/02\/IMG_2415-1024x768.jpg\" alt=\"\" class=\"wp-image-93\" srcset=\"http:\/\/feuererde.de\/wp-content\/uploads\/2019\/02\/IMG_2415-1024x768.jpg 1024w, http:\/\/feuererde.de\/wp-content\/uploads\/2019\/02\/IMG_2415-300x225.jpg 300w, http:\/\/feuererde.de\/wp-content\/uploads\/2019\/02\/IMG_2415-768x576.jpg 768w, http:\/\/feuererde.de\/wp-content\/uploads\/2019\/02\/IMG_2415-750x563.jpg 750w, http:\/\/feuererde.de\/wp-content\/uploads\/2019\/02\/IMG_2415-400x300.jpg 400w, http:\/\/feuererde.de\/wp-content\/uploads\/2019\/02\/IMG_2415-430x323.jpg 430w, http:\/\/feuererde.de\/wp-content\/uploads\/2019\/02\/IMG_2415-150x113.jpg 150w, http:\/\/feuererde.de\/wp-content\/uploads\/2019\/02\/IMG_2415-100x75.jpg 100w\" sizes=\"(max-width: 1024px) 100vw, 1024px\" \/><\/figure><\/div>\n\n\n\n<p><span style=\"font-size: 18pt;\"><strong>In unserer Werkstatt in Buchen-Eberstadt drehen wir T\u00f6pferware nach mittelalterlichen Vorlagen. Der Ton ist Steinzeug aus dem Westerwald und wird bei 1240 Grad gebrannt.<\/strong><\/span><\/p>\n<p><span style=\"font-size: 18pt;\"><strong>Unter Anderem haben wir Ess- und Trinkgeschirr wie Kelche, Kr\u00fcge, Becher, Sch\u00e4lchen, Schalen und Karaffen teilweise auch mit Triskelen oder Pentagramm Motiv.<\/strong><\/span><\/p>\n<p>\u00a0<\/p>\n<p style=\"text-align: center;\"><code><div aria-live=\"polite\" id=\"soliloquy-container-341\" class=\"soliloquy-container soliloquy-transition-fade  soliloquy-theme-classic\" style=\"max-width:500px;max-height:425px;\"><ul id=\"soliloquy-341\" class=\"soliloquy-slider soliloquy-slides soliloquy-wrap soliloquy-clear\"><li aria-hidden=\"true\" class=\"soliloquy-item soliloquy-item-1 soliloquy-image-slide\" draggable=\"false\" style=\"list-style:none\"><img id=\"soliloquy-image-268\" class=\"soliloquy-image soliloquy-image-1\" src=\"http:\/\/feuererde.de\/wp-content\/uploads\/2019\/02\/SANY0651-500x425_c.jpg\" alt=\"\" \/><\/li><li aria-hidden=\"true\" class=\"soliloquy-item soliloquy-item-2 soliloquy-image-slide\" draggable=\"false\" style=\"list-style:none\"><img id=\"soliloquy-image-337\" class=\"soliloquy-image soliloquy-image-2\" src=\"http:\/\/feuererde.de\/wp-content\/uploads\/2019\/02\/SANY0695-500x425_c.jpg\" alt=\"\" \/><\/li><li aria-hidden=\"true\" class=\"soliloquy-item soliloquy-item-3 soliloquy-image-slide\" draggable=\"false\" style=\"list-style:none\"><img id=\"soliloquy-image-336\" class=\"soliloquy-image soliloquy-image-3\" src=\"http:\/\/feuererde.de\/wp-content\/uploads\/2019\/02\/SANY0694-500x425_c.jpg\" alt=\"\" \/><\/li><li aria-hidden=\"true\" class=\"soliloquy-item soliloquy-item-4 soliloquy-image-slide\" draggable=\"false\" style=\"list-style:none\"><img id=\"soliloquy-image-335\" class=\"soliloquy-image soliloquy-image-4\" src=\"http:\/\/feuererde.de\/wp-content\/uploads\/2019\/02\/SANY0693-500x425_c.jpg\" alt=\"\" \/><\/li><li aria-hidden=\"true\" class=\"soliloquy-item soliloquy-item-5 soliloquy-image-slide\" draggable=\"false\" style=\"list-style:none\"><img id=\"soliloquy-image-334\" class=\"soliloquy-image soliloquy-image-5\" src=\"http:\/\/feuererde.de\/wp-content\/uploads\/2019\/02\/SANY0692-500x425_c.jpg\" alt=\"\" \/><\/li><li aria-hidden=\"true\" class=\"soliloquy-item soliloquy-item-6 soliloquy-image-slide\" draggable=\"false\" style=\"list-style:none\"><img id=\"soliloquy-image-332\" class=\"soliloquy-image soliloquy-image-6\" src=\"http:\/\/feuererde.de\/wp-content\/uploads\/2019\/02\/SANY0690-500x425_c.jpg\" alt=\"\" \/><\/li><li aria-hidden=\"true\" class=\"soliloquy-item soliloquy-item-7 soliloquy-image-slide\" draggable=\"false\" style=\"list-style:none\"><img id=\"soliloquy-image-331\" class=\"soliloquy-image soliloquy-image-7\" src=\"http:\/\/feuererde.de\/wp-content\/uploads\/2019\/02\/SANY0689-500x425_c.jpg\" alt=\"\" \/><\/li><li aria-hidden=\"true\" class=\"soliloquy-item soliloquy-item-8 soliloquy-image-slide\" draggable=\"false\" style=\"list-style:none\"><img id=\"soliloquy-image-326\" class=\"soliloquy-image soliloquy-image-8\" src=\"http:\/\/feuererde.de\/wp-content\/uploads\/2019\/02\/SANY0684-500x425_c.jpg\" alt=\"\" \/><\/li><li aria-hidden=\"true\" class=\"soliloquy-item soliloquy-item-9 soliloquy-image-slide\" draggable=\"false\" style=\"list-style:none\"><img id=\"soliloquy-image-325\" class=\"soliloquy-image soliloquy-image-9\" src=\"http:\/\/feuererde.de\/wp-content\/uploads\/2019\/02\/SANY0683-500x425_c.jpg\" alt=\"\" \/><\/li><li aria-hidden=\"true\" class=\"soliloquy-item soliloquy-item-10 soliloquy-image-slide\" draggable=\"false\" style=\"list-style:none\"><img id=\"soliloquy-image-324\" class=\"soliloquy-image soliloquy-image-10\" src=\"http:\/\/feuererde.de\/wp-content\/uploads\/2019\/02\/SANY0682-500x425_c.jpg\" alt=\"\" \/><\/li><li aria-hidden=\"true\" class=\"soliloquy-item soliloquy-item-11 soliloquy-image-slide\" draggable=\"false\" style=\"list-style:none\"><img id=\"soliloquy-image-323\" class=\"soliloquy-image soliloquy-image-11\" src=\"http:\/\/feuererde.de\/wp-content\/uploads\/2019\/02\/SANY0681-500x425_c.jpg\" alt=\"\" \/><\/li><li aria-hidden=\"true\" class=\"soliloquy-item soliloquy-item-12 soliloquy-image-slide\" draggable=\"false\" style=\"list-style:none\"><img id=\"soliloquy-image-340\" class=\"soliloquy-image soliloquy-image-12\" src=\"http:\/\/feuererde.de\/wp-content\/uploads\/2019\/02\/SANY0698-500x425_c.jpg\" alt=\"\" \/><\/li><li aria-hidden=\"true\" class=\"soliloquy-item soliloquy-item-13 soliloquy-image-slide\" draggable=\"false\" style=\"list-style:none\"><img id=\"soliloquy-image-338\" class=\"soliloquy-image soliloquy-image-13\" src=\"http:\/\/feuererde.de\/wp-content\/uploads\/2019\/02\/SANY0696-500x425_c.jpg\" alt=\"\" \/><\/li><\/ul><\/div><noscript><style type=\"text\/css\">#soliloquy-container-341{opacity:1}<\/style><\/noscript><\/code><\/p>\n<p>\u00a0<\/p>\n<p><span style=\"font-size: 18pt;\"><strong>F\u00fcr den Fr\u00fchling und Sommer haben wir auch Gartenkeramik gemacht z. B. gro\u00dfe Keramikblumen auf Metallst\u00e4ben in vielen Farben. Ein Schmuckst\u00fcck f\u00fcr jeden Garten (nat\u00fcrlich Steinzeug und Frostsicher).<\/strong><\/span><\/p>\n<p>\u00a0<\/p>\n<p><span style=\"font-size: 18pt;\"><strong>Au\u00dferdem kann man in unserer Mittelalterscheune Gewandung, Lederwaren, Geschmeide, Met und Honig finden.\u00a0<\/strong><\/span><\/p>\n<p>\u00a0<code><div aria-live=\"polite\" id=\"soliloquy-container-349\" class=\"soliloquy-container soliloquy-transition-fade  soliloquy-theme-classic\" style=\"max-width:500px;max-height:425px;\"><ul id=\"soliloquy-349\" class=\"soliloquy-slider soliloquy-slides soliloquy-wrap soliloquy-clear\"><li aria-hidden=\"true\" class=\"soliloquy-item soliloquy-item-1 soliloquy-image-slide\" draggable=\"false\" style=\"list-style:none\"><img id=\"soliloquy-image-330\" class=\"soliloquy-image soliloquy-image-1\" src=\"http:\/\/feuererde.de\/wp-content\/uploads\/2019\/02\/SANY0688-500x425_c.jpg\" alt=\"\" \/><\/li><li aria-hidden=\"true\" class=\"soliloquy-item soliloquy-item-2 soliloquy-image-slide\" draggable=\"false\" style=\"list-style:none\"><img id=\"soliloquy-image-329\" class=\"soliloquy-image soliloquy-image-2\" src=\"http:\/\/feuererde.de\/wp-content\/uploads\/2019\/02\/SANY0687-500x425_c.jpg\" alt=\"\" \/><\/li><li aria-hidden=\"true\" class=\"soliloquy-item soliloquy-item-3 soliloquy-image-slide\" draggable=\"false\" style=\"list-style:none\"><img id=\"soliloquy-image-328\" class=\"soliloquy-image soliloquy-image-3\" src=\"http:\/\/feuererde.de\/wp-content\/uploads\/2019\/02\/SANY0686-500x425_c.jpg\" alt=\"\" \/><\/li><li aria-hidden=\"true\" class=\"soliloquy-item soliloquy-item-4 soliloquy-image-slide\" draggable=\"false\" style=\"list-style:none\"><img id=\"soliloquy-image-327\" class=\"soliloquy-image soliloquy-image-4\" src=\"http:\/\/feuererde.de\/wp-content\/uploads\/2019\/02\/SANY0685-500x425_c.jpg\" alt=\"\" \/><\/li><li aria-hidden=\"true\" class=\"soliloquy-item soliloquy-item-5 soliloquy-image-slide\" draggable=\"false\" style=\"list-style:none\"><img id=\"soliloquy-image-333\" class=\"soliloquy-image soliloquy-image-5\" src=\"http:\/\/feuererde.de\/wp-content\/uploads\/2019\/02\/SANY0691-500x425_c.jpg\" alt=\"\" \/><\/li><\/ul><\/div><noscript><style type=\"text\/css\">#soliloquy-container-349{opacity:1}<\/style><\/noscript><\/code><\/p>\n","protected":false},"excerpt":{"rendered":"<p> [&hellip;]<\/p>\n","protected":false},"author":1,"featured_media":0,"parent":0,"menu_order":0,"comment_status":"closed","ping_status":"closed","template":"","meta":[],"_links":{"self":[{"href":"http:\/\/feuererde.de\/index.php?rest_route=\/wp\/v2\/pages\/56"}],"collection":[{"href":"http:\/\/feuererde.de\/index.php?rest_route=\/wp\/v2\/pages"}],"about":[{"href":"http:\/\/feuererde.de\/index.php?rest_route=\/wp\/v2\/types\/page"}],"author":[{"embeddable":true,"href":"http:\/\/feuererde.de\/index.php?rest_route=\/wp\/v2\/users\/1"}],"replies":[{"embeddable":true,"href":"http:\/\/feuererde.de\/index.php?rest_route=%2Fwp%2Fv2%2Fcomments&post=56"}],"version-history":[{"count":14,"href":"http:\/\/feuererde.de\/index.php?rest_route=\/wp\/v2\/pages\/56\/revisions"}],"predecessor-version":[{"id":353,"href":"http:\/\/feuererde.de\/index.php?rest_route=\/wp\/v2\/pages\/56\/revisions\/353"}],"wp:attachment":[{"href":"http:\/\/feuererde.de\/index.php?rest_route=%2Fwp%2Fv2%2Fmedia&parent=56"}],"curies":[{"name":"wp","href":"https:\/\/api.w.org\/{rel}","templated":true}]}}